
-21645
In base 6, what is 3 + 12422033?
12422040
In base 8, what is -1175271 - 31?
-1175322
In base 4, what is 1100122 - 303020?
131102
In base 14, what is -4 - -13d2b447?
13d2b443
In base 10, what is 9240697 - 0?
9240697
In base 15, what is 86851a - 1e?
8684eb
In base 9, what is -183384 - -80?
-183304
In base 15, what is -13 + 1db0bd?
1db0aa
In base 4, what is -232313 - -213023?
-13230
In base 15, what is 14307 - -b?
14313
In base 3, what is 101120 - 2100200001022?
-2100122122202
In base 9, what is -418 - -54403?
53874
In base 12, what is 4 + -4895341?
-4895339
In base 5, what is 404222 + -12224?
341443
In base 2, what is 1101100111100000001 + -110110101?
1101100110101001100
In base 11, what is 38 - -18331228?
18331265
In base 14, what is 3 + 42c774a?
42c774d
In base 5, what is -34241110131 - -10?
-34241110121
In base 10, what is -5518150 - 37?
-5518187
In base 8, what is 4651005 + -11?
4650774
In base 13, what is 2 - 1571251?
-157124c
In base 15, what is -105e - 18ec?
-295b
In base 12, what is 99b3b6 + 348?
99b742
In base 6, what is -4 + -1022515202?
-1022515210
In base 16, what is -274c - 41?
-278d
In base 15, what is 6195b84 - 1?
6195b83
In base 10, what is 703 - 578438?
-577735
In base 6, what is 555111114 - 1?
555111113
In base 7, what is 6 + 4504551303?
4504551312
In base 13, what is 690 - 1749?
-1089
In base 10, what is 2599 - -223313?
225912
In base 9, what is -5637088 - 15?
-5637114
In base 10, what is -23 - -3407?
3384
In base 12, what is -41 + 354773?
354732
In base 13, what is -93 + -b2550?
-b2613
In base 2, what is -10000 + -100001010100101000110011?
-100001010100101001000011
In base 13, what is -511b78 - 29?
-511ba4
In base 8, what is 13 - 661247?
-661234
In base 7, what is 1 - -6302065?
6302066
In base 9, what is 3 - -1583586?
1583600
In base 10, what is 2902 - -238519?
241421
In base 13, what is 241956 - b?
241948
In base 10, what is 61 + -4872607?
-4872546
In base 15, what is -3b6 - -db4?
9ed
In base 12, what is 3390b82 + 1?
3390b83
In base 2, what is -1001111010111 + -1010111001?
-1011010010000
In base 2, what is -100 + -1000010000101100100111000010?
-1000010000101100100111000110
In base 15, what is -ec9d10 + -61?
-ec9d71
In base 9, what is -34 + 41245000?
41244855
In base 14, what is a + 35840c?
358418
In base 14, what is -63 + -49d9cb?
-49da50
In base 4, what is 1030111 - 22122?
1001323
In base 5, what is -23442433111 - 0?
-23442433111
In base 12, what is -367122497 - -5?
-367122492
In base 11, what is 12304 + 812?
13016
In base 11, what is -4 - -34a07694?
34a07690
In base 4, what is -310 + -12003111330?
-12003112300
In base 8, what is -3 + -1452272?
-1452275
In base 13, what is 53261 - ba?
53174
In base 8, what is 162 - 2605574?
-2605412
In base 2, what is 11101111111100100101101010 + -101?
11101111111100100101100101
In base 11, what is 199 + 902581?
90276a
In base 16, what is 664118 + -2?
664116
In base 16, what is 656ae7 + 4?
656aeb
In base 9, what is -3847 + 5244?
1286
In base 2, what is 111101110100000010110 + 1001111?
111101110100001100101
In base 5, what is 1420101411 - 13?
1420101343
In base 11, what is 738680 + -38?
738643
In base 15, what is 65d0 + 38?
6618
In base 12, what is -4 - -7509590?
7509588
In base 16, what is 0 + 1d3c17?
1d3c17
In base 9, what is 12873418 - -4?
12873423
In base 12, what is -15 + 602912?
6028b9
In base 11, what is -90 + -1252a07?
-1252a97
In base 9, what is 3 + -2854345?
-2854342
In base 7, what is 125645063 - 14?
125645046
In base 15, what is -1ecd7 - 1b70?
-21957
In base 3, what is -2111 - -20020100210221?
20020100201110
In base 8, what is -424410 + -272?
-424702
In base 3, what is 2020002211022120 + 21?
2020002211022211
In base 13, what is 228062 - -3?
228065
In base 11, what is 2 - -117410a?
1174111
In base 9, what is -43040 + 2834?
-40105
In base 2, what is 10000111100 - 101100010010011010?
-101100000001011110
In base 9, what is -54 - -3043642?
3043577
In base 13, what is 1 - -4b750?
4b751
In base 3, what is -1211 - -11212102022?
11212100111
In base 6, what is 120143432 + 342?
120144214
In base 2, what is 100110101100001001 + -1010000111?
100110100010000010
In base 2, what is -1101010000 + 100011001111011010?
100011000010001010
In base 11, what is -27817 - 2?
-27819
In base 14, what is 2c9120 + -9?
2c9115
In base 3, what is 1022122122022 - -10?
1022122122102
In base 3, what is -112 - -10102111020?
10102110201
In base 15, what is 2b6 + 169e?
1965
In base 12, what is b8 + 1902837?
1902933
In base 3, what is -1101211202001 - 101?
-1101211202102
In base 11, what is -4a - -10a73?
10a24
In base 13, what is -1ba6a5a + -2?
-1ba6a5c
In base 15, what is -5b - -23ce7e?
23ce23
In base 2, what is -1110000000011110011011010 + -1000?
-1110000000011110011100010
In base 14, what is d5 - -20008?
200dd
In base 14, what is 85c - -28946?
293a4
In base 13, what is -6 + 54194?
5418b
In base 3, what is 120111022201 - 20011?
120111002120
In base 11, what is 108424 - 32?
1083a2
In base 8, what is -34061066 + -1?
-34061067
In base 4, what is 30 + -32010002?
-32003312
In base 3, what is 2210212122 - -1002012?
2211221211
In base 11, what is 9799 + 234a8?
32196
In base 2, what is -1000 + 1110001110111?
1110001101111
In base 8, what is -17 - 1420311?
-1420330
In base 6, what is -22301325140 + 0?
-22301325140
In base 5, what is -30033 + -321112?
-401200
In base 15, what is 5 + 32b8a9e?
32b8aa4
In base 10, what is 2 + 17763515?
17763517
In base 9, what is 23713538 - -10?
23713548
In base 11, what is -1 + -4145a?
-41460
In base 10, what is -23 - 2116370?
-2116393
In base 10, what is -397231 - -70?
-397161
In base 7, what is -1433601 + 12?
-1433556
In base 10, what is -1293 - -108778?
107485
In base 2, what is 0 + 110101100101100?
110101100101100
In base 13, what is -250 - 9c96?
-a216
In base 15, what is 95a - -11e0?
1b4a
In base 3, what is -200122000 + 2201210010?
2001011010
In base 6, what is -142512 - 151155?
-334111
In base 4, what is 1010222 + 11232223?
12303111
In base 7, what is -1115614462 + 10?
-1115614452
In base 10, what is -2 - -13598003?
13598001
In base 7, what is 24035631250 + -1?
24035631246
In base 4, what is -1011333112112 - -1?
-1011333112111
In base 6, what is -2 + 1223113010?
1223113004
In base 8, what is -12547425 - 53?
-12547500
In base 14, what is -9cd72 + -7a6?
-9d738
In base 12, what is 117 + b0a7?
b202
In base 15, what is 1e10be - 2?
1e10bc
In base 2, what is 11001111 - 1110001101001110?
-1110001001111111
In base 7, what is -2 - -6444302314?
6444302312
In base 11, what is 1 - -5a9231?
5a9232
In base 5, what is -3 - -2120242221?
2120242213
In base 13, what is a667c7 - 2?
a667c5
In base 3, what is -1200011111 + 1001211?
-1122002200
In base 3, what is 211 - 10120021020?
-10120020102
In base 11, what is -27684 - -2867?
-24918
In base 4, what is -110003320213 + -103?
-110003320322
In base 15, what is -2565d41 - 5?
-2565d46
In base 8, what is -76 - -120424?
120326
In base 16, what is -62b + -451ae?
-457d9
In base 9, what is -25405 - 34361?
-60766
In base 3, what is 102011002 + -12022012022?
-11220001020
In base 11, what is -40 + 52362a?
52359a
In base 5, what is -4 - -41430014423?
41430014414
In base 14, what is 12 - -3cc833?
3cc845
In base 2, what is 100110010010010101 + 10100010?
100110010100110111
In base 3, what is -22 + 202110020011?
202110012212
In base 6, what is -242043232 - 4?
-242043240
In base 13, what is 5 + 9412c37?
9412c3c
In base 13, what is 11c4 + -17152?
-15c5b
In base 6, what is 4 + 4403221135?
4403221143
In base 4, what is 2012321 - -13201?
2032122
In base 6, what is -50531514 + 304?
-50531210
In base 13, what is 229 - 512cb?
-510a2
In base 15, what is -3 - 11ab02?
-11ab05
In base 2, what is 1001001 - -110010110000000000?
110010110001001001
In base 14, what is -811b + 55dc?
-291d
In base 4, what is 1231 - -2321320011?
2321321302
In base 10, what is 59714 + 9046?
68760
In base 14, what is -25b08 - 14c5?
-271cd
In base 14, what is -3388d9a + -5?
-3388da1
In base 3, what is -1210012 + 110001000210?
102222020121
In base 7, what is -11166 - 63306?
-104505
In base 10, what is 196161325 - -5?
196161330
In base 11, what is 2a995a2 + -1?
2a995a1
In base 13, what is 4 + -2046b55?
-2046b51
In base 16, what is 2ce3c1 + -b?
2ce3b6
In base 14, what is 3516d4 - -76?
35176a
In base 11, w